1?
True
Is 282157284 a multiple of 23?
True
Does 8162 divide 934951060?
False
Is 66 a factor of 50804886?
True
Is 461532078 a multiple of 15?
False
Does 13 divide 21200645?
False
Is 1986 a factor of 68590221?
False
Is 63300791 a multiple of 13?
False
Does 10 divide 35506000?
True
Is 16 a factor of 101244624?
True
Does 2933 divide 800753628?
False
Does 82 divide 63562874?
True
Is 29411472 a multiple of 10?
False
Is 147 a factor of 417516897?
True
Is 4 a factor of 126768488?
True
Is 8 a factor of 106013384?
True
Is 204656012 a multiple of 484?
True
Is 2312 a factor of 759461944?
True
Is 3007602 a multiple of 900?
False
Does 67 divide 396042427?
True
Is 48128619 a multiple of 10?
False
Does 63 divide 108171000?
True
Does 25 divide 1822813489?
False
Does 6 divide 38627956?
False
Is 292213221 a multiple of 53?
True
Does 3263 divide 831859431?
True
Is 885592935 a multiple of 603?
True
Is 13 a factor of 93751515?
True
Is 945899013 a multiple of 4?
False
Is 1245 a factor of 182002472?
False
Is 89 a factor of 27248863?
True
Is 1399 a factor of 42828385?
False
Is 396 a factor of 3962160972?
True
Is 190 a factor of 4106477?
False
Is 108939139 a multiple of 3?
False
Is 12591000 a multiple of 120?
True
Is 21304714 a multiple of 21?
False
Is 93069779 a multiple of 2321?
True
Does 472 divide 55681368?
True
Does 146 divide 31652105?
False
Is 39 a factor of 513789044?
False
Does 3138 divide 124632826?
False
Is 61 a factor of 702537714?
False
Does 2623 divide 1067141320?
True
Does 17 divide 892635864?
True
Is 51507456 a multiple of 32?
True
Is 5499 a factor of 1812767346?
True
Is 171725740 a multiple of 915?
False
Is 1873 a factor of 724320941?
True
Does 228 divide 749047260?
True
Is 1455481718 a multiple of 13?
False
Is 7119 a factor of 1882425009?
False
Is 114666014 a multiple of 127?
True
Is 584316432 a multiple of 111?
True
Is 24 a factor of 452573705?
False
Does 174 divide 14779908?
True
Is 479 a factor of 20389593?
True
Does 261 divide 93895811?
False
Is 127 a factor of 221682925?
False
Is 80 a factor of 30031543?
False
Is 1063896001 a multiple of 46?
False
Does 1317 divide 4395352186?
False
Does 5 divide 999440272?
False
Does 2 divide 5682680?
True
Is 10 a factor of 636999411?
False
Does 16 divide 226411371?
False
Does 9 divide 39139659?
True
Does 1962 divide 5409234?
True
Is 1287580812 a multiple of 218?
True
Is 1075844319 a multiple of 4213?
True
Does 218 divide 100122822?
True
Does 1752 divide 88759824?
True
Does 808 divide 460412485?
False
Is 95403111 a multiple of 43?
True
Is 596308765 a multiple of 157?
True
Is 7106 a factor of 4183773842?
False
Is 28451699 a multiple of 513?
False
Is 22 a factor of 3059335246?
True
Is 3163008250 a multiple of 58?
True
Does 66 divide 148588270?
False
Is 5614 a factor of 239914290?
True
Is 106559925 a multiple of 1095?
True
Does 682 divide 4012888?
True
Is 76950989 a multiple of 5?
False
Is 398 a factor of 27050958?
False
Is 10 a factor of 1598420?
True
Is 2403 a factor of 62083908?
True
Is 639 a factor of 71127090?
True
Is 7 a factor of 66409760?
False
Is 920631300 a multiple of 282?
True
Is 57322346 a multiple of 33?
False
Is 12 a factor of 137811153?
False
Is 4367 a factor of 2465844018?
True
Does 23 divide 282488723?
False
Does 29 divide 932007112?
False
Is 334 a factor of 25308850?
True
Is 15 a factor of 1006380262?
False
Does 1309 divide 21616082?
False
Is 90378954 a multiple of 3323?
True
Does 5 divide 144360456?
False
Is 2757 a factor of 60381057?
True
Is 37 a factor of 18645613?
False
Does 28 divide 296107731?
False
Is 15 a factor of 2068452141?
False
Is 15 a factor of 840167744?
False
Is 5 a factor of 146604272?
False
Is 9389715 a multiple of 1005?
True
Is 8 a factor of 351616976?
True
Is 67450129 a multiple of 5?
False
Is 2001938787 a multiple of 787?
False
Does 2831 divide 79140065?
False
Is 555874 a multiple of 121?
True
Is 375 a factor of 1350909750?
True
Does 600 divide 14245843?
False
Is 302338240 a multiple of 16?
True
Does 2711 divide 206052266?
True
Is 235 a factor of 2053469480?
True
Does 138 divide 27172426?
False
Is 62711184 a multiple of 48?
True
Is 251552444 a multiple of 26?
True
Is 81106670 a multiple of 7?
False
Is 3409858063 a multiple of 88?
False
Is 12059776 a multiple of 16?
True
Does 1166 divide 41357639?
False
Does 471 divide 411793982?
False
Does 134 divide 1602281282?
True
Is 1497835757 a multiple of 101?
True
Does 1436 divide 771054471?
False
Is 88054845 a multiple of 45?
False
Does 11 divide 765087180?
True
Does 1414 divide 49398937?
False
Is 49777791 a multiple of 1363?
False
Does 15 divide 29273119?
False
Does 260 divide 10245040?
True
Is 1403148721 a multiple of 114?
False
Does 197 divide 3017375?
False
Is 52 a factor of 343982392?
True
Does 3133 divide 371821048?
False
Does 332 divide 5747501996?
True
Is 154 a factor of 67351284?
True
Is 135 a factor of 2298768?
False
Is 71387779 a multiple of 2?
False
Does 97 divide 31544822?
False
Is 35699906 a multiple of 779?
False
Is 23495304 a multiple of 147?
True
Does 74 divide 380317194?
False
Is 1094 a factor of 443786796?
False
Does 7 divide 24303525?
False
Is 267 a factor of 153705462?
False
Does 217 divide 79805656?
True
Does 81 divide 29316168?
True
Is 20 a factor of 83496520?
True
Is 90 a factor of 5836953806?
False
Is 4168179 a multiple of 49?
False
Does 5529 divide 1786237443?
True
Does 31 divide 158211383?
True
Is 87 a factor of 2137898605?
False
Is 22 a factor of 35656310?
False
Is 2552755440 a multiple of 120?
True
Does 1184 divide 583180110?
False
Does 222 divide 103871528?
False
Does 5375 divide 1184822000?
True
Does 37 divide 474896?
False
Is 1146496 a multiple of 32?
True
Does 19 divide 2849392?
True
Is 92 a factor of 432267380?
False
Does 154 divide 30176454?
True
Is 3307199 a multiple of 97?
False
Is 125 a factor of 317847750?
True
Is 5143632 a multiple of 39?
True
Is 137966373 a multiple of 37?
False
Does 12 divide 64370833?
False
Is 13147396 a multiple of 503?
False
Is 13904170 a multiple of 5?
True
Is 37 a factor of 834683?
True
Is 1025 a factor of 172472650?
True
Does 29 divide 44188064?
False
Is 22 a factor of 48047301?
False
Is 13192790 a multiple of 13?
True
Is 286 a factor of 42830502?
True
Does 256 divide 7138304?
True
Does 78 divide 330537090?
True
Does 126 divide 561188958?
False
Is 167904064 a multiple of 608?
True
Does 2527 divide 234121496?
True
Is 26 a factor of 23025355?
False
Does 328 divide 66522992?
True
Does 19 divide 708339?
True
Is 571743260 a multiple of 17?
False
Is 123947197 a multiple of 11?
True
Is 99570644 a multiple of 5?
False
Is 11864832 a multiple of 21?
True
Is 20376258 a multiple of 21?
True
Is 1965 a factor of 311727600?
True
Does 2667 divide 203696531?
False
Does 85 divide 1153972438?
False
Is 21190381 a multiple of 1788?
False
Does 46 divide 8700798?
False
Is 24603304 a multiple of 1234?
False
Is 25188919 a multiple of 210?
False
Is 47 a factor of 8394858?
True
Does 11 divide 6018055?
False
Is 35 a factor of 202226430?
True
Is 58 a factor of 1028420388?
True
Is 347372337 a multiple of 23?
False
Does 75 divide 4425825?
True
Is 2490449790 a multiple of 3748?
False
Does 5545 divide 1171945236?
False
Is 1329 a factor of 172316811?
True
Is 3 a factor of 35813926?
False
Is 101 a factor of 13502791?
True
Does 84 divide 521278183?
False
Does 408 divide 231318507?
False
Does 47 divide 289991598?
True
Does 5018 divide 794881308?
True
Is 368 a factor of 4717010?
False
Is 37 a factor of 12265204?
True
Is 650 a factor of 71774586?
False
Does 64 divide 4558912?
True
Is 2188157553 a multiple of 219?
True
Does 44 divide 1010275917?
False
Is 706 a factor of 35861272?
False
Is 87 a factor of 109378228?
False
Is 83 a factor of 728708918?
False
Is 297308790 a multiple of 9?
True
Is 38008585 a multiple of 571?
False
Is 61725683 a multiple of 4?
False
Does 3016 divide 74027720?
True
Does 24 divide 485578488?
True
Is 4467 a factor of 460078665?
True
Is 40250022 a multiple of 419?
False
Is 89902953 a multiple of 459?
True
Does 25 divide 11637466?
False
Does 1307 divide 17408228?
False
Is 3 a factor of 86242197?
True
Is 168 a factor of 23783511?
False
Is 23 a factor of 1730647?
False
Is 319215512 a multiple of 28?
True
Is 25326673 a multiple of 177?
False
Is 73948972 a multiple of 1706?
False
Is 3387